r of 13 and a?
13
Suppose -5*r + 41 = -24. Let m = -8 + 11. Suppose 0 = -m*w - 26 + 455. What is the greatest common factor of w and r?
13
Suppose -4*q = -5*q. Suppose -b + 18 - 8 = q. Calculate the greatest common factor of b and 25.
5
Let o = -14 - -20. Let r be (4/(-6))/(o/(-243)). Calculate the highest common divisor of r and 3.
3
Let f(d) = d**2 + 13*d + 38. Let m be f(-4). Calculate the highest common divisor of 15 and m.
1
Suppose -h + 5*h = 8. Calculate the greatest common divisor of 4 and h.
2
Let i = -6 - -78. What is the highest common factor of 8 and i?
8
Suppose 0 = k + 4*k - 455. What is the greatest common factor of k and 13?
13
Let w(l) = -10*l - 42. Let g be w(-6). What is the greatest common divisor of 6 and g?
6
Let n = 97 + -32. Let b = 173 - n. Suppose -j - j = -b. What is the highest common divisor of 18 and j?
18
Suppose 1 - 25 = -t. Calculate the highest common divisor of 192 and t.
24
Suppose 4*p + 6 = -166. Let n = p - -64. Calculate the greatest common divisor of n and 7.
7
Suppose -14 = -2*i - 0*i. Let z(m) = m**3 + 4*m**2 - 5*m - 6. Let y be z(-4). What is the highest common divisor of i and y?
7
Let l = -7 - -10. Suppose -5*j + l*i + 38 = 2*i, -2*j + 5*i + 29 = 0. Let d(c) = 2*c + 1. Let o be d(j). Calculate the greatest common divisor of 3 and o.
3
Let n be 28/(2/(4 - 0)). Suppose -4*w + n = -0*w. What is the greatest common factor of 2 and w?
2
Let d(u) = 8*u + 2. Let f be d(3). Let t = -20 + 0. Let m be (-156)/(-8)*t/(-6). Calculate the greatest common factor of f and m.
13
Let k(f) = -f + 8. Let c be k(5). Suppose -c*d + 129 = o + 4*o, 5*d = -o + 237. Calculate the highest common factor of 12 and d.
12
Let p be 2*(-12)/8*-3. Let t(b) = b**3 - 6*b**2 - b - 6. Let i be t(7). What is the highest common factor of p and i?
9
Let s be (-121 + 1)/(2 - (-35)/(-14)). What is the highest common factor of 30 and s?
30
Suppose 245 = 3*u - 7. What is the highest common factor of 28 and u?
28
Let k be 7 - ((-4 - -6) + -2). What is the greatest common divisor of k and 14?
7
Suppose 4*w - 3*w = -5, -v = -3*w - 48. What is the greatest common factor of 66 and v?
33
Let a(j) = -j**3 + 5*j**2 - 2*j - 1. Suppose 0*i - 6 = -3*i. Let s be a(i). Let f be ((-12)/5)/((-3)/70). What is the highest common divisor of f and s?
7
Let k(n) = -n**3 - 3*n**2 - n + 4. Let h be k(-3). Let b = 1 + h. What is the highest common divisor of b and 2?
2
Suppose -2*c = 4*i - 34, -c - c = 3*i - 33. Suppose 4*q + 102 + 26 = 0. Let l be (-371)/(-5) - q/40. What is the highest common divisor of c and l?
15
Let s be -3*3/2*-14. Calculate the greatest common factor of 7 and s.
7
Let v be ((-34)/4)/(1/(-4)). Let q(t) = -t + 2. Let k be q(2). Let d = k + 17. What is the highest common factor of d and v?
17
Let n(a) be the first derivative of 15*a**4/2 + a**3/3 - a - 1. Let b be n(1). What is the greatest common factor of b and 6?
6
Let n(y) be the second derivative of 7*y**3/3 + y**2 + y. Let d be n(-5). Let q = d - -145. Calculate the greatest common divisor of q and 7.
7
Let d(k) = 5*k**3 - k**2 - 2*k. Let s = -2 + 5. Let t be d(s). Calculate the greatest common divisor of t and 12.
12
Suppose 0 = -0*y + 4*y - 484. Suppose -a = -0*a + 18. Let s = 29 + a. What is the greatest common divisor of y and s?
11
Let d = 50 + 35. Let o = 2 + 0. Let b be (-1)/2 - (-35)/o. What is the greatest common factor of b and d?
17
Let o(l) = -l**3 + 10*l**2 + 5*l - 18. Let h be o(10). What is the highest common factor of h and 64?
32
Suppose -16 = x - 42. Let s(f) = -f**3 - 7*f**2 - 8*f + 9. Let h be s(-7). What is the greatest common factor of x and h?
13
Suppose 2*k - 3 = 3*b - 2, b + 22 = 5*k. Let v be 9*(12/4)/b. What is the highest common factor of v and 99?
9
Suppose 4*t = t + 21. Let s(r) = -r**3 + 8*r**2 - 7*r + 3. Let u be s(t). Suppose u*k - 51 = -3. What is the highest common factor of k and 24?
8
Let r be 28/(-98) + 58/7. Calculate the highest common divisor of 32 and r.
8
Let f = 3 + -9. Let u be 12*(2 - f/(-4)). Let i = -122 + 182. Calculate the highest common divisor of u and i.
6
Suppose 4*s + 0*m - 7 = -m, -3*m = -s + 18. Let w(y) = -y - 1. Let u be w(-3). Suppose s = u*a - a. Calculate the greatest common factor of 2 and a.
1
Let a be 2/8 - 9/4. Let v(l) = l**3 + 3*l**2 + 2*l. Let m be v(a). Suppose m = i + 4*i - 20. What is the highest common divisor of 1 and i?
1
Suppose -2*h + 83 = -k, 0 = 5*h + k + k - 212. Let d be (60/(-50))/((-137)/(-70) + -2). Calculate the highest common factor of h and d.
14
Let d(x) = -x**2 + 17*x + 5. Let c(p) = p**2 - p - 11. Let y be c(5). Let m be d(y). What is the highest common factor of 11 and m?
11
Suppose -4*b = -2*b - 54. Let h be 0 - 1*(-18)/2. What is the highest common divisor of b and h?
9
Suppose -4*g + f + 103 = -g, -3*f = -6. Suppose -5*h + 65 = -g. Calculate the highest common factor of 50 and h.
10
Let t = -61 + 85. Calculate the greatest common factor of t and 3.
3
Let t(o) = 2*o**2 - 5*o + 2. Let p be t(3). Suppose 24 = 3*c + p*m, -2*m - m - 24 = -3*c. What is the highest common divisor of 24 and c?
8
Let o be 7/(21/(-6))*(-17)/2. What is the highest common factor of o and 17?
17
Let x(t) = 5*t - 101. Let v be x(22). What is the greatest common divisor of v and 72?
9
Let b be 452/12 + 10/(-15). What is the highest common divisor of b and 111?
37
Suppose -4*v = -5*f + 9 + 12, -5*f + 20 = -5*v. Calculate the highest common divisor of f and 15.
5
Let n(b) be the first derivative of -b**4/4 + b**3/3 - b**2/2 + 2*b + 2. Let x be n(-2). Calculate the highest common divisor of 40 and x.
8
Let h = -14 + 20. Suppose 0 = -4*i + h*i - 32. Suppose 3*m = 5*z - i, 5*m = 5*z - 4 - 6. What is the greatest common divisor of 2 and m?
1
Let x(t) = 52*t**3 - t**2. Let y be x(1). Suppose 50 = i + 4*n, 0 = -0*i + 2*i - 2*n - 60. Calculate the greatest common divisor of y and i.
17
Let y = -8 + 9. Suppose 0*n - 11 = u + 3*n, 5*u - 21 = 4*n. Calculate the highest common factor of u and y.
1
Let p be 1/(120/2748) - 2/(-20). Suppose -165 = -x + 65. What is the highest common divisor of p and x?
23
Suppose 7*r = -2*i + 2*r + 13, 0 = r - 1. Suppose 3 = -3*b + i*b - n, -b = n - 5. Suppose 8 = -0*k + b*k. What is the highest common divisor of k and 2?
2
Suppose -3*h + 6 = n, 0 = 4*n - 2*h - 5 - 5. Suppose -t + n = c, 0 = -t - 3*t. Suppose -31 = -c*x - 4. What is the greatest common divisor of 9 and x?
9
Suppose -2*c = -3*z - 13, 0 = 3*c - z - 55 + 18. Let r = -40 + 43. Suppose y = c + r. What is the greatest common divisor of y and 119?
17
Let c be (-70)/(-20)*(2 - 0). Let q = 134 - 78. Calculate the greatest common divisor of q and c.
7
Let p(w) = -2*w**3 - w**2 + 5*w. Let q be p(-5). Suppose -f - 3*f + q = 0. Suppose -7*r + 5*r + 10 = 0. Calculate the highest common divisor of r and f.
5
Let x be (10/4)/1*12. Suppose -3*j + 6 = x. Let t = 38 + j. What is the greatest common factor of 10 and t?
10
Let a(b) = b**3 + 6*b**2 - 6*b - 8. Let p be a(-6). Suppose -2 + p = k. Calculate the greatest common factor of 13 and k.
13
Let n = 46 + -18. Let y be 145 - (0 + -3 - -1). Let a = y - 77. Calculate the greatest common factor of n and a.
14
Suppose 23 - 63 = -2*x. Calculate the greatest common factor of x and 50.
10
Suppose 0*y - 3*y = -60. Let m be (1 - 217)*(0 + 1). Let u = m + 356. What is the highest common factor of u and y?
20
Let b be ((-6)/(-5))/(33/440). Calculate the greatest common factor of b and 40.
8
Suppose -i - 3*n + 5 = 0, -i = -2*n + 10 - 30. Let c be 40/18 - 6/27. Calculate the highest common divisor of c and i.
2
Let q be 115/13 + (-4)/(-26). What is the highest common factor of q and 18?
9
Suppose -16*j = -14*j - 308. Calculate the greatest common divisor of j and 14.
14
Suppose 2*v - 24 = -x, 3*v + 3*x - 36 = -0*x. What is the greatest common factor of v and 60?
12
Suppose -4*u = 0, -4*u = 3*i + 2 + 1. Let g = -18 - -26. Let c be 4/g*(79 - i). Calculate the greatest common divisor of 5 and c.
5
Let q(h) = h**2 - h - 4. Let a be (-16)/4 + (-1)/(-1). Let n be q(a). What is the highest common divisor of n and 72?
8
Let d(x) = -x**3 - 23*x**2 + 51*x + 32. Let b be d(-25). Let z = -7 - -14. Calculate the greatest common divisor of z and b.
7
Suppose 0 = -m + 6*m - 15. What is the highest common divisor of 15 and m?
3
Let w b